{"id":1604,"date":"2022-11-09T19:09:42","date_gmt":"2022-11-09T19:09:42","guid":{"rendered":"https:\/\/www.geborgte-zukunft.de\/?page_id=1604"},"modified":"2022-12-28T07:43:04","modified_gmt":"2022-12-28T07:43:04","slug":"ueber-geborgte-zukunft","status":"publish","type":"page","link":"https:\/\/www.geborgte-zukunft.de\/?page_id=1604","title":{"rendered":"\u00dcber Geborgte Zukunft"},"content":{"rendered":"\n<p><p>Wir haben die Erde nur von unseren Enkeln geborgt und sollten mit ihr so umgehen, dass alle Menschen Heute und in Zukunft darauf gut leben k\u00f6nnen. So l\u00e4sst sich kurz zusammenfassen, was unter dem Schlagwort \u201eNachhaltigkeit\u201c verstanden wird.<\/p><\/p>\n\n\n\n<p><p>Am 25. September 2015 verabschiedeten die 193 Mitgliedsstaaten der UN die Agenda 2030 f\u00fcr nachhaltige Entwicklung. Sie bildet den globalen Rahmen f\u00fcr die Umwelt- und Entwicklungspolitik bis 2030. Kernst\u00fcck sind 17 Ziele f\u00fcr nachhaltige Entwicklung, die SDGs, mit 169 Zielvorgaben. Darin wird deutlich, dass alle Gesellschaften und L\u00e4nder der Erde sich ver\u00e4ndern m\u00fcssen, um die Zukunft des Planeten und der Menschheit zu sichern.Weitere Informationen unter <a href=\"http:\/\/globalgoals.org\" data-type=\"URL\" data-id=\"globalgoals.org\">globalgoals.org<\/a>.<\/p><\/p>\n\n\n\n<p><p>Doch was beinhalten eigentlich die 17 Ziele? Was haben die mit dem Leben in Deutschland und Th\u00fcringen zu tun?Und was kann und muss jede und jeder Einzelne, aber auch die Politik zu deren Umsetzung tun? <\/p><\/p>\n\n\n\n<p><p>Die Ziele bekannt zu machen und R\u00e4ume zu \u00f6ffnen, wo diese Fragen gestellt, diskutiert und beantwortet werden k\u00f6nnen \u2013 diese Aufgabe hat sich das Projekt \u201eGeborgte Zukunft\u201c gestellt. Dazu werden Expertinnen und Experten von NGOs und aus der Politik eingeladen und befragt, sowie beispielhafte Projekte vorgestellt.<\/p><\/p>\n\n\n\n<p>Seit 2022 werden hier die Interviews und Beitr\u00e4ge ver\u00f6ffentlicht, die vom Eine-Welt Fachpromotor f\u00fcr Wirtschaft, Arbeit und Menschenrechte erstellt wurden und aus diesem Themenbereich kommen.<\/p>\n","protected":false},"excerpt":{"rendered":"<p>Wir haben die Erde nur von unseren Enkeln geborgt und sollten mit ihr so umgehen, dass alle Menschen Heute und in Zukunft darauf gut leben k\u00f6nnen. So l\u00e4sst sich kurz zusammenfassen, was unter dem Schlagwort \u201eNachhaltigkeit\u201c verstanden wird. Am 25. September 2015 verabschiedeten die 193 Mitgliedsstaaten der UN die Agenda 2030 f\u00fcr nachhaltige Entwicklung. Sie<\/p>\n<div><a class=\"btn-filled btn\" href=\"https:\/\/www.geborgte-zukunft.de\/?page_id=1604\" title=\"\u00dcber Geborgte Zukunft\">Weiterlesen<\/a><\/div>\n","protected":false},"author":1,"featured_media":0,"parent":0,"menu_order":0,"comment_status":"closed","ping_status":"closed","template":"page-templates\/full-width.php","meta":{"jetpack_post_was_ever_published":false,"footnotes":""},"class_list":["post-1604","page","type-page","status-publish","hentry"],"jetpack_sharing_enabled":true,"_links":{"self":[{"href":"https:\/\/www.geborgte-zukunft.de\/index.php?rest_route=\/wp\/v2\/pages\/1604","targetHints":{"allow":["GET"]}}],"collection":[{"href":"https:\/\/www.geborgte-zukunft.de\/index.php?rest_route=\/wp\/v2\/pages"}],"about":[{"href":"https:\/\/www.geborgte-zukunft.de\/index.php?rest_route=\/wp\/v2\/types\/page"}],"author":[{"embeddable":true,"href":"https:\/\/www.geborgte-zukunft.de\/index.php?rest_route=\/wp\/v2\/users\/1"}],"replies":[{"embeddable":true,"href":"https:\/\/www.geborgte-zukunft.de\/index.php?rest_route=%2Fwp%2Fv2%2Fcomments&post=1604"}],"version-history":[{"count":9,"href":"https:\/\/www.geborgte-zukunft.de\/index.php?rest_route=\/wp\/v2\/pages\/1604\/revisions"}],"predecessor-version":[{"id":2206,"href":"https:\/\/www.geborgte-zukunft.de\/index.php?rest_route=\/wp\/v2\/pages\/1604\/revisions\/2206"}],"wp:attachment":[{"href":"https:\/\/www.geborgte-zukunft.de\/index.php?rest_route=%2Fwp%2Fv2%2Fmedia&parent=1604"}],"curies":[{"name":"wp","href":"https:\/\/api.w.org\/{rel}","templated":true}]}}